{"id":504,"date":"2023-08-09T21:55:08","date_gmt":"2023-08-10T02:55:08","guid":{"rendered":"https:\/\/representacioneshyj.com\/?post_type=product&#038;p=504"},"modified":"2023-08-10T21:11:26","modified_gmt":"2023-08-11T02:11:26","slug":"espejo-intraoral-metalico-p-foto","status":"publish","type":"product","link":"https:\/\/representacioneshyj.com\/index.php\/product\/espejo-intraoral-metalico-p-foto\/","title":{"rendered":"ESPEJO INTRAORAL METALICO P- FOTO"},"content":{"rendered":"<p><img fetchpriority=\"high\" decoding=\"async\" class=\"alignnone wp-image-507\" src=\"http:\/\/representacioneshyj.com\/wp-content\/uploads\/2023\/08\/ESPEJO-INTRAORAL-METALICO-P-FOTO-300x187.png\" alt=\"\" width=\"1447\" height=\"902\" srcset=\"https:\/\/representacioneshyj.com\/wp-content\/uploads\/2023\/08\/ESPEJO-INTRAORAL-METALICO-P-FOTO-300x187.png 300w, https:\/\/representacioneshyj.com\/wp-content\/uploads\/2023\/08\/ESPEJO-INTRAORAL-METALICO-P-FOTO-1024x639.png 1024w, https:\/\/representacioneshyj.com\/wp-content\/uploads\/2023\/08\/ESPEJO-INTRAORAL-METALICO-P-FOTO-768x479.png 768w, https:\/\/representacioneshyj.com\/wp-content\/uploads\/2023\/08\/ESPEJO-INTRAORAL-METALICO-P-FOTO-1536x958.png 1536w, https:\/\/representacioneshyj.com\/wp-content\/uploads\/2023\/08\/ESPEJO-INTRAORAL-METALICO-P-FOTO-2048x1278.png 2048w, https:\/\/representacioneshyj.com\/wp-content\/uploads\/2023\/08\/ESPEJO-INTRAORAL-METALICO-P-FOTO-600x374.png 600w\" sizes=\"(max-width: 1447px) 100vw, 1447px\" \/><\/p>\n","protected":false},"excerpt":{"rendered":"<p>El espejo intraoral met\u00e1lico, de uso odontol\u00f3gico, ofrece una visi\u00f3n clara y reflejada de \u00e1reas dif\u00edciles de alcanzar en la cavidad oral. Su construcci\u00f3n duradera y dise\u00f1o ergon\u00f3mico facilitan la exploraci\u00f3n y diagn\u00f3stico precisos. Este instrumento es esencial para mejorar la comunicaci\u00f3n con el paciente y garantizar un tratamiento dental efectivo y de alta calidad.<\/p>\n","protected":false},"featured_media":567,"template":"","meta":{"om_disable_all_campaigns":false,"_monsterinsights_skip_tracking":false,"_monsterinsights_sitenote_active":false,"_monsterinsights_sitenote_note":"","_monsterinsights_sitenote_category":0,"_joinchat":[]},"product_cat":[23],"product_tag":[35],"class_list":{"0":"post-504","1":"product","2":"type-product","3":"status-publish","4":"has-post-thumbnail","6":"product_cat-herramientas","7":"product_tag-espejo","9":"first","10":"instock","11":"shipping-taxable","12":"product-type-simple"},"aioseo_notices":[],"_links":{"self":[{"href":"https:\/\/representacioneshyj.com\/index.php\/wp-json\/wp\/v2\/product\/504","targetHints":{"allow":["GET"]}}],"collection":[{"href":"https:\/\/representacioneshyj.com\/index.php\/wp-json\/wp\/v2\/product"}],"about":[{"href":"https:\/\/representacioneshyj.com\/index.php\/wp-json\/wp\/v2\/types\/product"}],"version-history":[{"count":1,"href":"https:\/\/representacioneshyj.com\/index.php\/wp-json\/wp\/v2\/product\/504\/revisions"}],"predecessor-version":[{"id":508,"href":"https:\/\/representacioneshyj.com\/index.php\/wp-json\/wp\/v2\/product\/504\/revisions\/508"}],"wp:featuredmedia":[{"embeddable":true,"href":"https:\/\/representacioneshyj.com\/index.php\/wp-json\/wp\/v2\/media\/567"}],"wp:attachment":[{"href":"https:\/\/representacioneshyj.com\/index.php\/wp-json\/wp\/v2\/media?parent=504"}],"wp:term":[{"taxonomy":"product_cat","embeddable":true,"href":"https:\/\/representacioneshyj.com\/index.php\/wp-json\/wp\/v2\/product_cat?post=504"},{"taxonomy":"product_tag","embeddable":true,"href":"https:\/\/representacioneshyj.com\/index.php\/wp-json\/wp\/v2\/product_tag?post=504"}],"curies":[{"name":"wp","href":"https:\/\/api.w.org\/{rel}","templated":true}]}}